{"id":16,"date":"2022-12-29T15:04:05","date_gmt":"2022-12-29T15:04:05","guid":{"rendered":"https:\/\/kivensq.kehityssivusto.fi\/wp\/?page_id=16"},"modified":"2023-02-17T22:56:26","modified_gmt":"2023-02-17T22:56:26","slug":"sijainti","status":"publish","type":"page","link":"https:\/\/dev.kivenlahtisquash.fi\/wpadmin\/sijainti\/","title":{"rendered":"Sijainti &amp; pys\u00e4k\u00f6inti"},"content":{"rendered":"\t\t<div data-elementor-type=\"wp-page\" data-elementor-id=\"16\" class=\"elementor elementor-16\" data-elementor-post-type=\"page\">\n\t\t\t\t\t\t\t\t\t<section class=\"elementor-section elementor-top-section elementor-element elementor-element-1c86db3 elementor-section-boxed elementor-section-height-default elementor-section-height-default\" data-id=\"1c86db3\" data-element_type=\"section\">\n\t\t\t\t\t\t<div class=\"elementor-container elementor-column-gap-default\">\n\t\t\t\t\t<div class=\"elementor-column elementor-col-50 elementor-top-column elementor-element elementor-element-9178c79\" data-id=\"9178c79\" data-element_type=\"column\">\n\t\t\t<div class=\"elementor-widget-wrap elementor-element-populated\">\n\t\t\t\t\t\t\t\t<div class=\"elementor-element elementor-element-9f3d849 elementor-widget elementor-widget-text-editor\" data-id=\"9f3d849\" data-element_type=\"widget\" data-widget_type=\"text-editor.default\">\n\t\t\t\t<div class=\"elementor-widget-container\">\n\t\t\t<style>\/*! elementor - v3.17.0 - 08-11-2023 *\/\n.elementor-widget-text-editor.elementor-drop-cap-view-stacked .elementor-drop-cap{background-color:#69727d;color:#fff}.elementor-widget-text-editor.elementor-drop-cap-view-framed .elementor-drop-cap{color:#69727d;border:3px solid;background-color:transparent}.elementor-widget-text-editor:not(.elementor-drop-cap-view-default) .elementor-drop-cap{margin-top:8px}.elementor-widget-text-editor:not(.elementor-drop-cap-view-default) .elementor-drop-cap-letter{width:1em;height:1em}.elementor-widget-text-editor .elementor-drop-cap{float:left;text-align:center;line-height:1;font-size:50px}.elementor-widget-text-editor .elementor-drop-cap-letter{display:inline-block}<\/style>\t\t\t\t<h3><b>Kivenlahti<\/b><strong> Squash Oy<\/strong><\/h3><p>Ristiaallokonkatu 6<br \/>02320 Espoo<\/p><h6><strong>Saapuminen:\u00a0<\/strong><\/h6><p>&#8211; Mainingin koulun \/ J\u00e4lkimainingin suunnalta:\u00a0<\/p><ul><li><span style=\"background-color: transparent;\">R-kioskin j\u00e4lkeen oikealle \/ alas, ravintoloiden vierest\u00e4. Halli vasemmalla.<\/span><\/li><\/ul><p><span style=\"background-color: transparent;\">&#8211; Metron \/ Ristiaallokon suunnalta:<\/span><\/p><ul><li><span style=\"background-color: transparent;\">M\u00e4ki yl\u00f6s. K\u00e4velyramppia yl\u00f6s. Halli n\u00e4kyy aukion p\u00e4\u00e4ss\u00e4.\u00a0<\/span><\/li><\/ul>\t\t\t\t\t\t<\/div>\n\t\t\t\t<\/div>\n\t\t\t\t\t<\/div>\n\t\t<\/div>\n\t\t\t\t<div class=\"elementor-column elementor-col-50 elementor-top-column elementor-element elementor-element-4909053\" data-id=\"4909053\" data-element_type=\"column\">\n\t\t\t<div class=\"elementor-widget-wrap elementor-element-populated\">\n\t\t\t\t\t\t\t\t<div class=\"elementor-element elementor-element-79c4af6 elementor-widget elementor-widget-google_maps\" data-id=\"79c4af6\" data-element_type=\"widget\" data-widget_type=\"google_maps.default\">\n\t\t\t\t<div class=\"elementor-widget-container\">\n\t\t\t<style>\/*! elementor - v3.17.0 - 08-11-2023 *\/\n.elementor-widget-google_maps .elementor-widget-container{overflow:hidden}.elementor-widget-google_maps .elementor-custom-embed{line-height:0}.elementor-widget-google_maps iframe{height:300px}<\/style>\t\t<div class=\"elementor-custom-embed\">\n\t\t\t<iframe loading=\"lazy\"\n\t\t\t\t\tsrc=\"https:\/\/maps.google.com\/maps?q=Kivenlahti%20squash&#038;t=m&#038;z=15&#038;output=embed&#038;iwloc=near\"\n\t\t\t\t\ttitle=\"Kivenlahti squash\"\n\t\t\t\t\taria-label=\"Kivenlahti squash\"\n\t\t\t><\/iframe>\n\t\t<\/div>\n\t\t\t\t<\/div>\n\t\t\t\t<\/div>\n\t\t\t\t\t<\/div>\n\t\t<\/div>\n\t\t\t\t\t\t\t<\/div>\n\t\t<\/section>\n\t\t\t\t<section class=\"elementor-section elementor-top-section elementor-element elementor-element-c3593ae elementor-section-boxed elementor-section-height-default elementor-section-height-default\" data-id=\"c3593ae\" data-element_type=\"section\">\n\t\t\t\t\t\t<div class=\"elementor-container elementor-column-gap-default\">\n\t\t\t\t\t<div class=\"elementor-column elementor-col-50 elementor-top-column elementor-element elementor-element-dd5578b\" data-id=\"dd5578b\" data-element_type=\"column\">\n\t\t\t<div class=\"elementor-widget-wrap elementor-element-populated\">\n\t\t\t\t\t\t\t\t<div class=\"elementor-element elementor-element-ba54ded elementor-widget elementor-widget-text-editor\" data-id=\"ba54ded\" data-element_type=\"widget\" data-widget_type=\"text-editor.default\">\n\t\t\t\t<div class=\"elementor-widget-container\">\n\t\t\t\t\t\t\t<h6><strong>Autolla saapuessa:\u00a0<\/strong><\/h6><p>&#8211; Parkkipaikkoja l\u00f6ytyy:<\/p><ul><li>Ristiaallokonkadun yl\u00e4p\u00e4\u00e4ss\u00e4 (4h kiekko).<\/li><li>Metron parkki (24h)<\/li><li>J\u00e4lkimainingin varsi + Maininkitien p\u00e4\u00e4 \/ koulun vieress\u00e4 (4h kiekko).<\/li><\/ul>\t\t\t\t\t\t<\/div>\n\t\t\t\t<\/div>\n\t\t\t\t\t<\/div>\n\t\t<\/div>\n\t\t\t\t<div class=\"elementor-column elementor-col-50 elementor-top-column elementor-element elementor-element-ae2fc00\" data-id=\"ae2fc00\" data-element_type=\"column\">\n\t\t\t<div class=\"elementor-widget-wrap elementor-element-populated\">\n\t\t\t\t\t\t\t\t<div class=\"elementor-element elementor-element-929db17 elementor-widget elementor-widget-text-editor\" data-id=\"929db17\" data-element_type=\"widget\" data-widget_type=\"text-editor.default\">\n\t\t\t\t<div class=\"elementor-widget-container\">\n\t\t\t\t\t\t\t<h6><b>Metro:\u00a0<\/b><\/h6><div>&#8211; Matka vain noin 300m metroasemalta\u00a0 k\u00e4velytiet\u00e4 m\u00e4ki yl\u00f6s.\u00a0<br \/>(Google kartassa vihre\u00e4 linja)<\/div>\t\t\t\t\t\t<\/div>\n\t\t\t\t<\/div>\n\t\t\t\t\t<\/div>\n\t\t<\/div>\n\t\t\t\t\t\t\t<\/div>\n\t\t<\/section>\n\t\t\t\t\t\t\t<\/div>\n\t\t","protected":false},"excerpt":{"rendered":"<p>Kivenlahti Squash Oy Ristiaallokonkatu 602320 Espoo Saapuminen:\u00a0 &#8211; Mainingin koulun \/ J\u00e4lkimainingin suunnalta:\u00a0 R-kioskin j\u00e4lkeen oikealle \/ alas, ravintoloiden vierest\u00e4. Halli vasemmalla. &#8211; Metron \/ Ristiaallokon suunnalta: M\u00e4ki yl\u00f6s. K\u00e4velyramppia yl\u00f6s. Halli n\u00e4kyy aukion p\u00e4\u00e4ss\u00e4.\u00a0 Autolla saapuessa:\u00a0 &#8211; Parkkipaikkoja l\u00f6ytyy: Ristiaallokonkadun yl\u00e4p\u00e4\u00e4ss\u00e4 (4h kiekko). Metron parkki (24h) J\u00e4lkimainingin varsi + Maininkitien p\u00e4\u00e4 \/ koulun vieress\u00e4 [&hellip;]<\/p>\n","protected":false},"author":1,"featured_media":0,"parent":0,"menu_order":0,"comment_status":"closed","ping_status":"closed","template":"elementor_header_footer","meta":{"_eb_attr":"","footnotes":""},"class_list":["post-16","page","type-page","status-publish","hentry"],"_links":{"self":[{"href":"https:\/\/dev.kivenlahtisquash.fi\/wpadmin\/wp-json\/wp\/v2\/pages\/16","targetHints":{"allow":["GET"]}}],"collection":[{"href":"https:\/\/dev.kivenlahtisquash.fi\/wpadmin\/wp-json\/wp\/v2\/pages"}],"about":[{"href":"https:\/\/dev.kivenlahtisquash.fi\/wpadmin\/wp-json\/wp\/v2\/types\/page"}],"author":[{"embeddable":true,"href":"https:\/\/dev.kivenlahtisquash.fi\/wpadmin\/wp-json\/wp\/v2\/users\/1"}],"replies":[{"embeddable":true,"href":"https:\/\/dev.kivenlahtisquash.fi\/wpadmin\/wp-json\/wp\/v2\/comments?post=16"}],"version-history":[{"count":60,"href":"https:\/\/dev.kivenlahtisquash.fi\/wpadmin\/wp-json\/wp\/v2\/pages\/16\/revisions"}],"predecessor-version":[{"id":639,"href":"https:\/\/dev.kivenlahtisquash.fi\/wpadmin\/wp-json\/wp\/v2\/pages\/16\/revisions\/639"}],"wp:attachment":[{"href":"https:\/\/dev.kivenlahtisquash.fi\/wpadmin\/wp-json\/wp\/v2\/media?parent=16"}],"curies":[{"name":"wp","href":"https:\/\/api.w.org\/{rel}","templated":true}]}}